. What is the units digit of (177/s)/(13/52)?
7
Suppose -40 = -8*a - 0*a. Suppose a*o + 614 = -n + 4*n, 3*n - 644 = -o. What is the units digit of n?
3
Suppose -5*r + 24043 - 4673 = 0. Suppose r + 646 = 8*b. What is the hundreds digit of b?
5
Suppose 101*f - 66171 = 80*f. What is the units digit of f?
1
Suppose 0 = 4*d - 0*d + 336. Let v = 148 + d. Suppose v = 4*g - 336. What is the tens digit of g?
0
Suppose 0 = h - 8*z + 3*z - 404, -h = 2*z - 397. What is the units digit of 3 + 63/(-7) + h?
3
Suppose 4*n = 3*m - 24573, -3*n - 4070 - 20509 = -3*m. What is the thousands digit of m?
8
Let g be (-17)/(-4) + (-2)/8. Suppose 19*v - 15*v + r - 4 = 0, -3*r = -2*v + 16. Suppose -139 = -v*t - x, g*t = 2*t + 3*x + 159. What is the units digit of t?
2
Let u(v) = -23*v + 40. Let d be u(0). Suppose 2*a - 2 = -3*z + 75, -a + d = z. What is the tens digit of a?
4
Let f = 76061 + -49064. What is the thousands digit of f?
6
Let z(s) = -s**2 - 2*s + 1. Let f(x) = x**3 + 10*x**2 + 4*x - 5. Let v(t) = f(t) + 6*z(t). Suppose -4*h + 20 = -8*h. What is the tens digit of v(h)?
1
What is the tens digit of (5 - 35/5)*(-45375 + -2)?
5
Let o(s) = 9 - 3*s + 7 + s**2 - 6*s + 3*s. Suppose 5*r = 3*r - 12. What is the units digit of o(r)?
8
Let r(o) = 727*o**2 + 43*o - 159. What is the hundreds digit of r(4)?
6
Let l be (-4)/(-14)*(2 + (-170)/(-20)). Suppose 2*b + 5*d - 3904 = 0, b - l*d - 1784 = 157. What is the tens digit of b?
4
Suppose -5*j + 0*j - 2330 = -5*c, -3*c - 4*j = -1370. Suppose -f - 2*f + c = 0. What is the units digit of f?
4
Let g = -34 - -37. Suppose 0 = -9*o + g*o - 96. What is the tens digit of o/(-12)*(-102)/(-8)?
1
Let v = 50274 - 27934. What is the ten thousands digit of v?
2
Suppose -17*q = 12*q - 594442. What is the thousands digit of q?
0
Let d be -20*8/(-20) + -6. Suppose 0 = -y + 5*x + 1460 - 440, 5*y + d*x - 5073 = 0. What is the units digit of y?
5
Let w = 7 + -2. Suppose 2*d + 3*d = 5*x, w*d - 45 = -4*x. Suppose 0 = -x*n + 30 - 5. What is the units digit of n?
5
Let v = 30408 + -15079. What is the ten thousands digit of v?
1
Let d(g) = 42*g**2 + 17 - 25*g**2 - 16*g**2 - 15*g. Let r be d(14). Suppose -137 = -r*w + 37. What is the tens digit of w?
5
What is the thousands digit of (-26585*(-102)/663)/(2/(1 - -5))?
2
What is the tens digit of (1/(-4))/(54/72) - (-364450)/30?
4
Suppose -57*c - 2406 = 6600. Let o = 879 + c. What is the tens digit of o?
2
Let j(u) = 3*u**3 - 70*u**2 + 361*u - 27. What is the tens digit of j(23)?
4
Let p(g) be the second derivative of -g**3/6 - 3*g**2/2 + 11*g. Let b be p(0). What is the units digit of (36/(-14))/(b + 20/7)?
8
Let q(a) = -2735*a - 356. What is the tens digit of q(-4)?
8
Let v(n) = -324*n + 546. What is the hundreds digit of v(-2)?
1
Suppose 7*r + 42 = 0, 0 = -4*z + 5*r + 127440 + 72694. What is the hundreds digit of z?
0
Suppose -5*q + 72635 = 5*m, -7*q - 3*m - 2*m = -101681. What is the ten thousands digit of q?
1
Suppose -239*r = 48*r - 5761238. What is the hundreds digit of r?
0
Suppose 4*b = 5*x - 8, -3*x + 3*b + 6 = -x. Suppose -936 = -2*v - x*h - 2*h, -5*v + h + 2322 = 0. What is the units digit of v?
5
Let u be (13 + 2)*(-1)/2*-2. Suppose -u*l = -l - 10794. What is the tens digit of l?
7
Let o = -5890 - -9263. What is the units digit of o?
3
Let s be 0/(-5 - -8) - 23. Let j = -19 - s. Suppose j*p + 218 = -3*f + 5*f, -2*f = 5*p - 191. What is the hundreds digit of f?
1
Let z be -1 - -1 - ((-1804)/4 + -3). Suppose -48*f + 50*f - z = 0. What is the units digit of f?
7
Suppose -4*y - 7828 = 6*z - 2*z, -y - 3*z = 1951. What is the hundreds digit of (-5)/(-4)*y/(-7)?
3
Suppose 14*g - 34*g = -60. Suppose 4*u = 5*a - 1608 - 1578, -2*a + g*u = -1280. What is the units digit of a?
4
Let p(a) = 5*a**3 - 19*a**2 - 3*a + 5. What is the thousands digit of p(15)?
2
Let w(g) = g**3 - 7*g**2 + 6*g + 5. Let b be w(6). Suppose -3*c + 0*c = b*d - 716, -5*c + 1218 = -4*d. Suppose c = 8*h - 190. What is the units digit of h?
4
Let k = 873 - -1529. Let r = -1347 + k. What is the thousands digit of r?
1
Let u(a) = 2*a - 10. Let k be u(8). Let y be ((-6)/4)/(1*k/(-8)). What is the units digit of (-2 - 0) + 69 - (y + 1)?
4
Suppose -439*d - 273*d + 16902012 = -219*d. What is the thousands digit of d?
4
Suppose -58*v + 55825 = -47*v. What is the hundreds digit of v?
0
Let v(g) = -48*g + 3. Let w be v(-7). What is the tens digit of (15/9 + -1)*w?
2
Let m be ((-15)/10 - (-2)/(-4))/(-1). Suppose 11 + 3 = 4*h + m*t, 4 = 4*t. Suppose -h*z = -16*z + 1170. What is the tens digit of z?
9
Let t be -2 + (-5 + 8)*(-20)/(-6). Let k(x) = x**3 + 5*x + 8 + t*x**2 + 0*x**2 + 3*x. What is the tens digit of k(-6)?
3
Suppose -4*s + 2*o = -64952, 5*o + 221 + 80964 = 5*s. What is the tens digit of s?
3
Suppose -5*a - 5 = 0, 2*q + 2*q + 4 = -4*a. Suppose q = -31*l + 22*l + 1503. What is the units digit of l?
7
Suppose -7*u + 120 + 104 = 0. Let s = u - 3. What is the tens digit of s?
2
Let m(z) = 7*z**2 + 1 - 13*z**2 + 5*z**2 - 5*z + 3. Let a be m(-5). Suppose 0*k - a = -k. What is the units digit of k?
4
Suppose -8*t - 8*t - 2160 = 0. What is the hundreds digit of (-219115)/t + (-8)/108?
6
Let z be 5/(-30)*10*-36. What is the units digit of 5769/15 - (-3)/(z/8)?
5
Let o = 3 + 1. Suppose -2*s - 178 = o*d + 88, 68 = -d + s. Let r = 102 + d. What is the units digit of r?
5
Suppose -4 = 52*o - 54*o. Suppose 5*l - 3757 = g + 1630, o*l + 4*g - 2168 = 0. What is the units digit of l?
8
Suppose 439*q - 171*q = -305*q + 31489788. What is the tens digit of q?
5
Suppose 4*r - 5*s = 60057, 6*r - 7*r + 14998 = 2*s. What is the hundreds digit of r?
0
Suppose 27*s = -10*s + 25*s + 295824. What is the thousands digit of s?
4
Let q = -259 - 107. Let w = 750 - q. What is the units digit of w?
6
Let q = -345 - -505. Suppose -4*b + 62 = 2*m - 6*b, -5*m + q = -4*b. What is the tens digit of m?
3
Suppose 125*x + 6976 = 93*x. Let f = -155 - x. What is the tens digit of f?
6
Suppose 49*q - 92*q + 1971034 = 0. What is the ten thousands digit of q?
4
Let t = 34830 - 17884. What is the thousands digit of t?
6
Suppose 0 = -3*f - 5*c + 107698, -5*c = -193 + 168. What is the ten thousands digit of f?
3
Let s(y) = 1555*y**2 + 49 - 57 - 1 - 9*y. What is the hundreds digit of s(-1)?
5
Suppose 12*j - 7*j = l - 5312, 5*l + 2*j = 26668. What is the tens digit of l?
3
What is the ten thousands digit of -2*3/42*-213283?
3
What is the units digit of (-78)/(-4)*18 + (-560)/(-16) + -27?
9
Let n(v) = -v - 1. Let g(l) = -13*l**2 - 29*l - 1. Let t(u) = -g(u) - 5*n(u). What is the hundreds digit of t(-7)?
4
Suppose 0 = 16*t - 12*t - 7904. What is the units digit of t?
6
Let x = 37 - 47. What is the tens digit of (260 - x) + -1*(3 - 3)?
7
Let n(t) = 2*t**3 + 8*t**2 - 7*t + 13. Let s be n(-7). Let d = s - -786. What is the hundreds digit of d?
5
Suppose -26 = -2*u - 14. Let d(f) = f**2 + f - 7. Let l be d(u). Let n = l - -78. What is the units digit of n?
3
Let s(x) = 19*x**2 + 14*x - 2. What is the tens digit of s(-7)?
3
What is the units digit of ((-30339 - 7) + -12)/(3/((-12)/8))?
9
Let r(y) = -5. Let i(g) = 14. Let d(x) = 6*i(x) + 17*r(x). Let u(z) = -6*z + 49. Let n(l) = -6*d(l) - u(l). What is the tens digit of n(19)?
7
Suppose -8 = 4*j - 2*g, 0 = -4*j - 3*g + 6*g - 10. Let m(u) = -u**2 - 3*u + 44. Let n be m(5). What is the units digit of (-14)/(-4)*n/(3 + j)?
7
Suppose 0 + 0 = 17*f. Suppose f = 139*o - 136*o - 12. What is the units digit of o?
4
Let a be 8 + 0 + (-6)/(-3). Suppose a*b - 2225 = 6635. What is the hundreds digit of b?
8
Let a(v) = -11*v - 10*v**2 + 13*v**2 + 7*v + 11. What is the tens digit of a(10)?
7
Suppose -o = -4*s - 360, 0 = -5*s + 2*o - 473 + 20. Let q be (-72)/15*22375/(-537). Let d = q + s. What is the tens digit of d?
1
Let t = 358 + -155. Suppose -4 = 2*f - 4*f. Suppose -f*q = 35 - t. What is the units digit of q?
4
Let x(g) = 3*g**2 - 4*g + 294. What is the hundreds digit of x(-25)?
2
Let p be 6975/(-5)*16/20. What is the hundreds digit of (p/3)/((-10)/15)?
5
What is the thousands digit of 6961 - (11/(-11) + 14)?
6
Suppose 14*g = 18351 + 89820 + 12803. What is the thousands digit of g?
8
Let r be ((-10)/8)/(1/12). Let n(g) = 4*g**3 - 2*g**2 - 5*g - 5. Let y be n(-2). Let s = r - y. What is the units digit of s?
0
Suppose -2*s - 2*v = 3*s - 678, -3*s + 